-1?
26
Let t(g) = -6*g - 26. What is the remainder when 685 is divided by t(-7)?
13
Let g = -28 - -30. Suppose 2*v - 4*u - 88 = 0, -5*v - 7 = -u - 191. Calculate the remainder when g + -4 - 1611/(-9) is divided by v.
33
Let s(z) = 28*z**2 + z - 1. Let g be 3/6 - (-25)/10. Suppose g*t = -6, 14 = n - t - t. Calculate the remainder when s(1) is divided by n.
8
Let x(k) = -k**3 - 2*k**2 + 10*k + 12. What is the remainder when 195/(-26)*(-9)/((-135)/(-440)) is divided by x(-5)?
35
Let t be 1 + (8 - 4) + (-42)/(-6). Calculate the remainder when 77 is divided by 52/130 - t/5 - -8.
5
Let c = -18729 + 18905. Calculate the remainder when 3693 is divided by c.
173
Suppose r - y = 2, 4*r - 53 = -0*r - y. Suppose 5*h + 4*k - 197 = -37, -5*h - k = -175. Calculate the remainder when h is divided by r.
3
Let y(c) = 9*c**2 + 8*c + 3. Calculate the remainder when y(6) is divided by 21.
18
Suppose -8 - 12 = -2*i. Suppose 8 = 2*l - i. Suppose l = -11*j + 251. Calculate the remainder when j is divided by 6.
4
Let t be 11*(-4 + 5)*7. Let f = t - 47. Calculate the remainder when f is divided by (19 - -5)/((-9)/(-6)) - 5.
8
Suppose 5*w = -7*w + 5412. Suppose 5*t - 3*f - w = 0, -t - 6*f = -4*f - 98. Calculate the remainder when t is divided by 47.
45
Suppose 373*o - 1365387 - 227696 = 0. What is the remainder when o is divided by 95?
91
Suppose -19*t - 162 = -22*t. Let v = t - 33. Calculate the remainder when v is divided by 5*-1*(-12)/10.
3
Let h(n) = 213 + 5*n + 35 + 11*n. Calculate the remainder when h(-8) is divided by 27.
12
Suppose 28*r = -24*r + 36*r + 27584. Calculate the remainder when r is divided by 42.
2
Calculate the remainder when 222 is divided by (56/(-6))/((-896)/1764 + (-2)/(-7)).
12
Let m be (14 - 17) + 1*5. Suppose 0 = -4*j + 4*o + 596, m*j - 231 = o + 63. Calculate the remainder when j is divided by 22.
13
Suppose -516*j = -529*j + 1417. What is the remainder when j is divided by 13?
5
Suppose -7*i = 14 - 140. Let x = 27 + i. What is the remainder when -1*(4 - 2 - 179) is divided by x?
42
Calculate the remainder when 198 is divided by (26 - 1122/44) + (-1)/(-2).
0
Let k(g) be the third derivative of -g**5/60 + g**4/6 - g**3/6 - 17*g**2 - 13. Let y = -3 + 5. Calculate the remainder when 10 is divided by k(y).
1
Let s = 3007 - 2900. Calculate the remainder when s is divided by 21.
2
Let q(w) = -12 - 4*w + 0*w**2 + w**2 + 3 - 7. Let t be q(-3). Suppose 5*r = -t*h + 35, 3*h = -2*r + 6*h + 29. What is the remainder when 39 is divided by r?
9
Let c = 33 + -33. Suppose c = -8*r - 44 + 252. Suppose -645 = -2*m - 3*m. Calculate the remainder when m is divided by r.
25
Let s(q) = 49*q + 1397. Calculate the remainder when 299 is divided by s(-26).
53
Let h(c) = -3*c**3 + 62*c**2 - 28*c - 37. Calculate the remainder when h(20) is divided by 102.
101
Suppose 3*i - f = i + 45, -4*f = 5*i - 80. Suppose 4*d + 183*t - 868 = 186*t, 5*d = 2*t + 1085. What is the remainder when d is divided by i?
17
Suppose 0 = -298*b - 19*b + 517978. What is the remainder when b is divided by 90?
14
Suppose -30709 + 31429 = 15*q. What is the remainder when 326 is divided by q?
38
Let j(p) = -991*p**3 + p**2 + 13*p + 12. What is the remainder when j(-1) is divided by 31?
30
Suppose -171*g = -4*t - 173*g + 132, 3*g = -4*t + 138. What is the remainder when 6028 is divided by t?
28
Let w be 38/(-8)*-14 + 2/(-4). Suppose 5*q - w = 4*q. What is the remainder when (-6)/(7/q - 3/18) is divided by 10?
9
Suppose -6*z + 6179 = -5*z + 2*c, 3*c = 3. What is the remainder when z is divided by 103?
100
Let m(i) = i**2 + 6*i - 6281. Calculate the remainder when 25627 is divided by m(77).
107
Let o be ((-158)/(-2))/((-23)/(-69)). Suppose 12573 = 61*b - o. Calculate the remainder when b is divided by 71.
68
Let q = 26 + -3. Let l = 528 + -416. Suppose 111*d - l*d + 45 = 0. Calculate the remainder when d is divided by q.
22
Suppose -1041 + 109 = -34*z + 394. Suppose -3*n - 9 = -0*w - w, 3*n + 57 = 5*w. What is the remainder when z is divided by w?
3
Let q(f) = -34*f - 642. Calculate the remainder when 346 is divided by q(-24).
172
Suppose 0 = -164*c + 160*c - 2276. Let f = c + 593. What is the remainder when 66 is divided by f?
18
Suppose -32*g + 34*g = 0. Suppose 0 = 2*q - h - 70, 5*q - q + 5*h - 140 = g. Calculate the remainder when 346 is divided by q.
31
Suppose -249 = -3*w + 369. What is the remainder when w is divided by -39*(1/(-2))/((-3)/(-8))?
50
Suppose -5*m - k + 129 = 657, m - 3*k + 112 = 0. Let o = m + 124. Calculate the remainder when 122 is divided by o.
14
Let q(d) = -91*d - 1. Let p be q(-1). Suppose 69 = 91*s - p*s. What is the remainder when s is divided by 18?
15
Suppose -k + 3*q = -40, -294 = -3*k + 5*q - 174. Calculate the remainder when 113 is divided by k.
33
Let d(n) = -2*n**3 + 51*n**2 - 132*n + 88. What is the remainder when d(21) is divided by 9?
7
Let t(m) = -m**2 + 14*m + 144. Let i(j) = 7*j**2 + 19*j - 48. Let q be i(2). What is the remainder when t(q) is divided by 2/3 - 43/(-3)?
12
Let h be 20/9 - (-2 - 160/(-72)). Calculate the remainder when -179*(15/10)/((-3)/h) is divided by 10.
9
Suppose 51*l - 256 = 203. What is the remainder when 35 is divided by l?
8
Suppose -4*w + 158 = -0*m + 3*m, -w = -5*m - 51. Suppose -17*u + 4118 - 1233 = 1916. Calculate the remainder when u is divided by w.
16
Let u = -2052 + 3588. What is the remainder when 276 is divided by 25/((-275)/(-2)) - u/(-22)?
66
Suppose -5*c + 1080 = 4*a, 2*a + 1300 = 4*c + 410. What is the remainder when (-19195)/c*1*-4 is divided by 70?
69
Suppose -40*p = 7*p - 10*p - 4847. What is the remainder when p is divided by 7?
5
Let w(d) = 4*d**2 - 69*d + 632. Calculate the remainder when w(14) is divided by 84.
30
Calculate the remainder when 51 is divided by (1 + 2)/(93/198 + (-6)/18).
7
Let v = 1590 - 1433. Calculate the remainder when 1728 is divided by v.
1
Let w be (-36)/(-90)*100/(-8). Calculate the remainder when 148 is divided by ((-192)/(-60))/(-8) - 197/w.
31
Let r = 74 - 33. Suppose 24*l - 320 = 328. Suppose 33 = 4*j - l. What is the remainder when r is divided by j?
11
Let o = 10 + -5. Let k(y) be the third derivative of -y**5/60 + y**4/4 + 7*y**3/3 - 19*y**2. Calculate the remainder when k(7) is divided by o.
2
Let i = 7759 - 7727. What is the remainder when 125 is divided by i?
29
Let p = 135 + -79. Let g = p - 34. Calculate the remainder when (4 - 0) + -2 + 63 is divided by g.
21
Let x(d) = -246*d - 1472. Calculate the remainder when 1014 is divided by x(-6).
2
Calculate the remainder when -1*2405/(-13) - 3 is divided by 13.
0
Let b = 209 + -205. Suppose -5*h + 6 = 2*o, -b*o + 41 + 27 = -4*h. Calculate the remainder when 376 is divided by o.
12
Let f(y) = y**3 + 7*y**2 - 7*y - 2. Let i be 9/6 - (28/8 - -3). Let o(j) = 2*j**2 - j + 2. What is the remainder when f(i) is divided by o(3)?
15
Suppose u = 5*l + 67, -2*u + 5*l + 83 = -76. Calculate the remainder when 245 is divided by u.
61
Suppose 4*m = -4*u + 2620, -5*u = -2*m - 193 + 1524. What is the remainder when m is divided by 106?
22
Let h = 11438 + -10848. Calculate the remainder when h is divided by 410.
180
Let z be (-3)/9 + 2/6. Suppose z = 8*b + 488 - 1544. What is the remainder when b is divided by 45?
42
Calculate the remainder when (-20)/(-4) + 2016/180*(-75)/(-2) is divided by 7.
5
Let o(p) = 58*p**3 - 4*p**2 + 32*p - 58. What is the remainder when o(2) is divided by 5?
4
Suppose -8*s + 152 = 24. Suppose s*x = 10*x + 30. Suppose 0*l - x*q = l, -4*l + 48 = -4*q. What is the remainder when 39 is divided by l?
9
Let l be (20/(-5))/((-3)/120). Let o = l + -120. What is the remainder when o is divided by 14?
12
Let a(d) = 2*d**2 + 6*d + 1. Let c(q) = -q + 12. Suppose 2*k - 2*m = 0, m - 3*m = -10. Let f be c(k). Calculate the remainder when a(f) is divided by 48.
45
Let r(k) = 59*k**2 - 26*k - 86. Calculate the remainder when 2892 is divided by r(-4).
6
What is the remainder when (5100/40 - -25) + (-1 - 5/(-2)) is divided by 1?
0
Let s(h) be the third derivative of h**5/30 - h**4/8 + 3*h**3 + 72*h**2. Calculate the remainder when 36 is divided by s(3).
9
What is the remainder when 660 is divided by (-23)/(1518/(-7909)) - (-1)/6?
60
Let s(l) = 3*l**2 + 11*l. Let r be s(-5). Suppose r = -5*b + 9*b. Suppose -8*f = -4*f - 32. What is the remain